1, what is 29 - -977774?
9777a2
In base 16, what is 25 - -657a6?
657cb
In base 12, what is 961 - -419?
117a
In base 9, what is 20460628 - 14?
20460614
In base 16, what is -46d10 - -1?
-46d0f
In base 10, what is 10420 + -798?
9622
In base 7, what is -24252534 + 2?
-24252532
In base 9, what is -75 + -632465?
-632551
In base 14, what is -188 - -9041d?
90275
In base 5, what is 432 - -24020321?
24021303
In base 5, what is 214414 + -2304401?
-2034432
In base 8, what is -5046571537 - -2?
-5046571535
In base 10, what is 24 - -22269201?
22269225
In base 11, what is a - 11a2a734?
-11a2a725
In base 5, what is -2300 + -201331?
-204131
In base 7, what is -102 + -232414?
-232516
In base 4, what is -2 + 320112030?
320112022
In base 2, what is 1010000010111100111010100 - -1000?
1010000010111100111011100
In base 2, what is 110000 + 101010001011000111110?
101010001011001101110
In base 9, what is -46375 - 73?
-46458
In base 12, what is 50 + -1055858?
-1055808
In base 13, what is -27 - -1358246?
135821c
In base 3, what is -12 + 2011211110200022?
2011211110200010
In base 10, what is -1987950 + 10?
-1987940
In base 8, what is -5542545 + -15?
-5542562
In base 14, what is c080 - -1539?
d5b9
In base 6, what is 104302304513 + -4?
104302304505
In base 16, what is 1a680c61 + 2?
1a680c63
In base 11, what is 5 + -1124a3362?
-1124a3358
In base 12, what is -5070012 + -9?
-507001b
In base 3, what is 122220111202100 - -1002?
122220111210102
In base 11, what is 2111 - 2937?
-826
In base 9, what is 642 + 3411451?
3412203
In base 8, what is -40 - 27610307?
-27610347
In base 4, what is 311132202 + 111231?
311310033
In base 5, what is 203434402240 - -3?
203434402243
In base 10, what is 5 + -34064586?
-34064581
In base 6, what is 41403 + -555414?
-514011
In base 8, what is 2 + 257505536?
257505540
In base 15, what is 3b2 - dd0?
-a1d
In base 10, what is -1322534 - -30?
-1322504
In base 3, what is -12 + -1120222022020?
-1120222022102
In base 12, what is -315 - -3744?
342b
In base 15, what is -292 - -6c0?
42d
In base 15, what is -2 - 1998697?
-1998699
In base 2, what is -101010101110 + 11011101110?
-1111000000
In base 11, what is -16906 - -1085a?
-6057
In base 7, what is 30502 + -1033?
26436
In base 15, what is -c5 + -9378c?
-93862
In base 12, what is -73b43404 - 3?
-73b43407
In base 8, what is 264504 - 40?
264444
In base 16, what is -7 + 39abaa1?
39aba9a
In base 13, what is -16 - -47c6954?
47c693b
In base 9, what is -5084 + 44157?
38063
In base 16, what is -148 + 1a60?
1918
In base 15, what is -a09cb + -132?
-a0b0d
In base 2, what is -10000000101000100000000101 + 1011?
-10000000101000011111111010
In base 10, what is -93546869 + -4?
-93546873
In base 10, what is 6417750 + 1?
6417751
In base 5, what is -310 - 13141021?
-13141331
In base 16, what is 1a - -157d85e?
157d878
In base 5, what is 3001 - 1030143?
-1022142
In base 12, what is -1a - -539a05?
5399a7
In base 6, what is 1230430301 - 53?
1230430204
In base 6, what is 1 - -105354250?
105354251
In base 14, what is -14a05ba - -2?
-14a05b8
In base 12, what is 112 - -b442a1?
b443b3
In base 13, what is -52c2 + 9707?
4415
In base 10, what is 58212 + -735?
57477
In base 9, what is -10 - 17776656?
-17776666
In base 9, what is 2303547 + -8?
2303538
In base 14, what is -82151b6 - -5?
-82151b1
In base 15, what is -38 + 183352?
183319
In base 13, what is 0 - -901b058?
901b058
In base 3, what is 10122 - -2122002120?
2122020012
In base 16, what is 277ca04 - 2?
277ca02
In base 10, what is 32183946 + -8?
32183938
In base 4, what is -2213123200 - -101?
-2213123033
In base 5, what is 114001441 - -20?
114002011
In base 16, what is -3d + -199ad?
-199ea
In base 7, what is -13406 - -53021?
36312
In base 13, what is -226c28 + 5?
-226c23
In base 14, what is 1 - -410163?
410164
In base 12, what is -3 + -34b3a7?
-34b3aa
In base 5, what is -11443 - 2224414?
-2241412
In base 5, what is -10 + -40232442120?
-40232442130
In base 16, what is -2a5 - 3c86a?
-3cb0f
In base 7, what is -222616 + 1053?
-221533
In base 8, what is -5 + 36340506?
36340501
In base 7, what is -13260354 + -266?
-13260653
In base 6, what is 12320 + 22523?
35243
In base 14, what is 61 - 18b77?
-18b16
In base 10, what is 1 + 9232898?
9232899
In base 15, what is -3e03 + -e32b?
-1322e
In base 5, what is 3401 + -122221323?
-122212422
In base 3, what is -10 - 11101100120112?
-11101100120122
In base 13, what is 2 + 1228ac48?
1228ac4a
In base 14, what is -3b7816c + -3?
-3b78171
In base 3, what is -20112010 + -1201122?
-22020202
In base 4, what is -10 + -1113133310?
-1113133320
In base 15, what is -22e4b33 + 3?
-22e4b30
In base 2, what is 111101100011100100010 - 1000?
111101100011100011010
In base 14, what is 3b3d02 + -249?
3b3a97
In base 14, what is 360 - 1508?
-1188
In base 8, what is 7620 + 4351?
14171
In base 2, what is 100101010011011000011111111100 + 1?
100101010011011000011111111101
In base 11, what is -1237842 - -2?
-1237840
In base 11, what is -9582520 + -18?
-9582538
In base 11, what is 70471 + 1623?
71a94
In base 14, what is -349226a + -2?
-349226c
In base 8, what is 5352355 + -35?
5352320
In base 8, what is -11401 + -16101?
-27502
In base 2, what is 101 + 1000011101110001100110?
1000011101110001101011
In base 10, what is 2 - 3436068?
-3436066
In base 15, what is 32 - -22d61?
22d93
In base 9, what is 3 - -1565434?
1565437
In base 3, what is -1022222212112201012 - 10?
-1022222212112201022
In base 5, what is 1210303 + 1000140?
2210443
In base 13, what is 3192949c - 1?
3192949b
In base 13, what is -2 - -14b3b59?
14b3b57
In base 9, what is -12 - 5178346?
-5178358
In base 4, what is 0 - -110203221311?
110203221311
In base 8, what is -324 + 6223756?
6223432
In base 4, what is -22 - 210133033?
-210133121
In base 10, what is -693394 + -26?
-693420
In base 10, what is 360 + 402970?
403330
In base 3, what is -12120121012122110 + 0?
-12120121012122110
In base 15, what is 4d5 + -58910?
-5842a
In base 7, what is -563 + 1552062?
1551166
In base 14, what is 54 - -12d77?
12dcb
In base 13, what is 2 + 300b690?
300b692
In base 7, what is 215 + -246361?
-246143
In base 15, what is 11233 - -2d?
11261
In base 5, what is 24204 + 23320122?
23344331
In base 2, what is 1000001010101110111011 + 1100?
1000001010101111000111
In base 14, what is -133 - -13c427?
13c2d4
In base 6, what is -4305 - 15154141?
-15202450
In base 9, what is -8341764 + -72?
-8341846
In base 5, what is -4 + 244210140?
244210131
In base 6, what is -4 + 14043504?
14043500
In base 4, what is -2030220 - -110020203?
101323323
In base 2, what is 101100011001011 - 101011010100001?
1000101010
In base 3, what is 2011110 + -121111212?
-112100102
In base 12, what is 2 + a39442?
a39444
In base 3, what is 11211020 + 111102?
12022122
In base 2, what is 101110111001010 + 10111?
101110111100001
In base 7, what is 223643 - 1?
223642
In base 2, what is -10101 + -101110010011111001010101?
-101110010011111001101010
In base 2, what is -1 + 101010110011111010000?
101010110011111001111
In base 11, what is 8aa5 + 2015?
1000a
In base 7, what is 1435350 - 1024?
1434323
In base 15, what is -d18a8 + 4b?
-d185c
In base 2, what is -1001 - 10001000101100101010101110?
-10001000101100101010110111
In base 10, what is -2127 + 3370?
1243
In base 14, what is -a5 - -3101ac?
310107
In base 15, what is -33d - -4bd58?
4ba1a
In base 3, what is -110110211 + 1202202?
-101201002
In base 2, what is -100100101 + -100000111011001010001?
-100000111011101110110
In base 3, what is -200011 + -11102110112?
-11110010200
In base 2, what is 10011010000101111 + -10?
10011010000101101
In base 2, what is -1001 - -10010010010111100111?
10010010010111011110
In base 15, what is 1d + -c9407a?
-c9405c
In base 6, what is -133402 - -3003?
-130355
In base 8, what is -3063 + -15116?
-20201
In base 3, what is -1111 - -10210212101?
10210210220
In base 7, what is 3 - -64465032?
64465035
In base 9, what is 34 - 62586383?
-62586348
In base 15, what is -120bc + -175?
-12242
In base 2, what is 100 + -1010010000100001001?
-1010010000100000101
In base 16, what is 0 - -116641?
116641
In base 4, what is 10032110112 - -10?
10032110122
In base 14, what is 629a3 - a7?
628da
In base 6, what is 341 - 51004?
-50223
In base 15, what is -3aac8a85 - -4?
-3aac8a81
In base 8, what is 2777 - 776375?
-773376
In base 5, what is 22402 